te k(-12).
306
Let h(p) = p**3 - 9*p**2 + 14*p - 22. What is h(9)?
104
Let j(b) = b**3 - 18*b**2 + 8*b - 44. Calculate j(18).
100
Let u(g) = 5*g**3 + 49*g**2 - 18*g - 47. Determine u(-10).
33
Let u(i) = 90*i + 25. What is u(-2)?
-155
Let x(r) = 125*r + 1491. Give x(-14).
-259
Let j(h) = 6*h**2 + 162*h + 106. What is j(-29)?
454
Let p(f) = -f**3 + 51*f**2 - 309*f + 33. Calculate p(44).
-11
Let i(q) = 2*q**2 + 281*q - 693. Determine i(-143).
22
Let p(q) = 1002*q + 16045. What is p(-16)?
13
Let w(g) = -204*g + 1685. Give w(8).
53
Let f(k) = -73*k + 68. Determine f(1).
-5
Let p(u) = -16*u + 51. Determine p(3).
3
Let y(m) = 3*m**2 - 48*m + 140. Give y(4).
-4
Let j(f) = -10*f**2 - 70*f - 33. What is j(-6)?
27
Let u(s) = 337*s - 10110. Give u(30).
0
Let j(q) = 2*q**3 + 37*q**2 + 30*q + 238. Determine j(-18).
22
Let p(i) = -i**3 + 12*i**2 + 39*i + 380. Determine p(16).
-20
Let r(i) = -i**3 - 86*i**2 - 91*i + 6466. Determine r(-84).
-2
Let p(s) = 1608*s + 3196. Calculate p(-2).
-20
Let u(m) = -5*m**2 + 21*m + 27. What is u(3)?
45
Let w(i) = -225*i - 461. What is w(-2)?
-11
Let g(v) = 42*v**2 - 7*v - 20. Calculate g(-2).
162
Let z(h) = -h**2 - 42*h - 128. Calculate z(-3).
-11
Let v(a) = 30*a + 1840. Calculate v(-61).
10
Let d(c) = -2*c**2 - 96*c - 530. Determine d(-6).
-26
Let d(j) = j**2 + 80*j + 1544. Give d(-34).
-20
Let w(o) = -o**2 - 6*o + 190. Give w(-17).
3
Let m(u) = 145*u - 6523. Determine m(45).
2
Let v(a) = 64*a + 8764. Give v(-137).
-4
Let j(f) = -3*f**2 - 134*f - 649. Determine j(-39).
14
Let v(d) = 5*d**3 - 57*d**2 + 72*d - 25. Calculate v(10).
-5
Let k(y) = -y**3 + 9*y**2 + 222*y - 20. What is k(20)?
20
Let l(d) = -4075*d + 12232. Give l(3).
7
Let d(f) = f**3 + f**2 - 39*f + 141. What is d(-8)?
5
Let g(t) = -8*t**2 + 2878*t + 6521. Determine g(362).
5
Let x(k) = -452*k - 65533. Give x(-145).
7
Let m(t) = -t**2 - 14*t - 3. Give m(-7).
46
Let y(n) = -3*n**3 - 108*n**2 + 108*n - 131. What is y(-37)?
-20
Let o(i) = 8*i**2 + 14*i - 149. Determine o(-5).
-19
Let o(m) = -5*m**2 + 48*m + 11. Give o(12).
-133
Let a(h) = -h**3 - 15*h**2 + 3*h + 84. What is a(-15)?
39
Let s(k) = -11*k**2 - 18*k + 18. What is s(-6)?
-270
Let z(k) = k**3 + 7*k**2 + 24*k - 39. Calculate z(-7).
-207
Let s(l) = 72*l - 652. What is s(9)?
-4
Let g(h) = h**2 + 123*h + 2048. What is g(-103)?
-12
Let l(w) = -w**2 + 104*w - 204. Determine l(2).
0
Let s(m) = 299*m - 1207. Calculate s(4).
-11
Let n(l) = 7*l**2 - 113*l + 52. Give n(16).
36
Let j(x) = -5*x**3 + 166*x**2 - 138*x + 3451. What is j(33)?
-14
Let x(g) = g**2 - 5*g - 24. Determine x(-10).
126
Let l(k) = -k**3 - 48*k**2 + 44*k - 260. Determine l(-49).
-15
Let o(v) = -9*v - 505. Calculate o(-57).
8
Let y(t) = 2*t**3 + 6*t**2 + 9*t + 10. Calculate y(-2).
0
Let o(n) = n**2 + 899*n + 31902. Calculate o(-37).
8
Let j(l) = -2*l**2 - 130*l + 1001. Determine j(-72).
-7
Let h(v) = -12*v**2 - 9*v + 136. Determine h(9).
-917
Let d(j) = -12*j + 380. What is d(21)?
128
Let f(n) = -366*n - 28180. What is f(-77)?
2
Let h(k) = -8*k**3 + 193*k**2 - 196*k - 256. Determine h(23).
-3
Let k(m) = 4*m**3 + m**2 - 3*m + 2. Calculate k(1).
4
Let a(y) = 2*y**2 - 492*y + 2445. Calculate a(5).
35
Let w(d) = -2*d**2 - 29*d + 151. Calculate w(8).
-209
Let b(u) = -6*u**2 + 11. What is b(6)?
-205
Let d(l) = -l**2 + 4*l + 176. Calculate d(15).
11
Let c(p) = -83*p + 9960. Determine c(120).
0
Let t(k) = -k**3 - 48*k**2 + 800*k + 427. Determine t(-61).
0
Let x(c) = c + 113. Give x(-84).
29
Let f(w) = 73*w - 579. Determine f(-5).
-944
Let t(x) = x**3 + 5*x**2 - 4*x - 2. What is t(4)?
126
Let i(y) = -3*y**3 - 77*y**2 + 22*y - 109. Calculate i(-26).
-5
Let p(d) = 2*d**3 + 74*d**2 + 333*d + 421. Give p(-32).
5
Let o(h) = -2268*h - 40819. What is o(-18)?
5
Let q(z) = z**2 + 30*z + 165. Give q(-5).
40
Let l(y) = -2*y**2 - 19*y + 225. Determine l(7).
-6
Let z(d) = 18*d**3 - 75*d**2 + 17*d - 20. Calculate z(4).
0
Let r(j) = 18*j - 135. Give r(13).
99
Let o(g) = -g**2 + 118*g + 1869. Calculate o(132).
21
Let h(a) = a**3 - 38*a**2 - 36*a - 29. Give h(39).
88
Let s(y) = 43*y - 4872. What is s(111)?
-99
Let i(n) = 21*n + 66. Calculate i(0).
66
Let g(w) = -w**3 + w**2 + 9*w + 37. Determine g(5).
-18
Let d(q) = -449*q + 108. What is d(1)?
-341
Let m(d) = 3*d**2 - 73*d - 123. Calculate m(27).
93
Let d(h) = -h**2 - 150*h + 1660. Calculate d(10).
60
Let c(g) = g**3 + 5*g**2 + 44. Calculate c(0).
44
Let z(i) = i**2 - 66*i + 598. What is z(11)?
-7
Let f(i) = 221*i + 43. Determine f(1).
264
Let l(w) = -15*w**2 + 759*w + 313. Determine l(51).
7
Let n(f) = f**3 + 67*f**2 + 245*f + 3392. Give n(-64).
0
Let f(u) = -u**2 - 9*u + 37. What is f(-16)?
-75
Let u(g) = 253*g + 3293. What is u(-13)?
4
Let d(b) = b**3 + 38*b**2 + b + 15. Determine d(0).
15
Let p(x) = -2*x**3 + 19*x**2 + 36*x - 268. Calculate p(10).
-8
Let n(t) = 13120*t + 170568. Give n(-13).
8
Let b(u) = -4268*u - 68306. Calculate b(-16).
-18
Let b(w) = -w**3 + 27*w**2 - 18*w - 2002. What is b(22)?
22
Let h(f) = -14*f + 64. Calculate h(7).
-34
Let a(x) = -303*x + 2870. Give a(9).
143
Let q(k) = -3*k**3 + 81*k**2 - 94*k + 405. What is q(26)?
-11
Let y(a) = a**3 + 55*a**2 + 693*a - 160. Give y(-20).
-20
Let s(w) = -w**3 + 16*w**2 + 88*w - 1622. What is s(12)?
10
Let y(a) = 79*a - 7. Calculate y(4).
309
Let f(q) = -q**2 + 24*q + 536. What is f(29)?
391
Let l(y) = 6*y**2 - 234*y + 35. What is l(39)?
35
Let m(d) = -46*d**2 + 67*d - 132. Determine m(2).
-182
Let z(b) = -23*b + 472. Give z(22).
-34
Let q(n) = 8*n + 233. Calculate q(-37).
-63
Let s(h) = -h**3 + 255*h**2 - 1468*h - 6481. Give s(249).
-7
Let t(x) = -x**3 + 10*x**2 + 1343*x - 28. Give t(-32).
4
Let x(s) = s**3 - 69*s**2 - 375*s + 369. What is x(74)?
-1
Let f(i) = -i**3 - 22*i**2 - 40*i - 22. Determine f(-20).
-22
Let p(v) = -v**3 + v**2 + 2*v - 2. Determine p(-4).
70
Let r(a) = -3*a**3 - 53*a**2 + 68*a + 31. Calculate r(-19).
183
Let o(g) = 64*g**2 + 1153*g + 21. Determine o(-18).
3
Let c(s) = 780*s - 5. Give c(1).
775
Let y(v) = v**3 - 35*v**2 - 4. What is y(35)?
-4
Let n(q) = 4*q**2 - 28*q + 54. Give n(2).
14
Let q(c) = c**3 + 68*c**2 - 46*c + 1581. What is q(-69)?
-6
Let z(x) = -380*x - 6. Give z(0).
-6
Let o(d) = d**3 - 17*d**2 - 22*d + 42. Determine o(17).
-332
Let q(b) = 3*b**2 - b - 73. Calculate q(-7).
81
Let v(b) = -592*b - 14120. Calculate v(-24).
88
Let o(i) = -i**2 + 10*i + 2091. Calculate o(-41).
0
Let d(c) = -c - 48. Determine d(17).
-65
Let o(j) = -2*j**3 + 36*j**2 - 144*j + 2. What is o(6)?
2
Let p(f) = f**3 - 11*f**2 + 20*f - 371. Determine p(12).
13
Let o(h) = 2*h**3 - 5*h**2 - 12*h - 3. What is o(4)?
-3
Let r(t) = t**3 + 48*t**2 - 384*t - 14228. Give r(-50).
-28
Let k(y) = -429*y + 2129. Determine k(7).
-874
Let u(x) = -2*x**3 - 22*x**2 - 25*x - 33. What is u(-10)?
17
Let o(m) = 5*m**2 - 34*m + 29. Calculate o(7).
36
Let g(n) = 26*n**2 - n + 2. Give g(-1).
29
Let p(r) = -13*r + 226. Give p(17).
5
Let d(k) = 2*k**2 - 16*k - 164. Give d(-8).
92
Let m(t) = -9*t**3 - 100*t**2 - 10*t + 12. What is m(-11)?
1
Let z(l) = 18*l**3 - 343*l**2 + 9*l + 165. Determine z(19).
-25
Let u(k) = -450*k - 3134. What is u(-7)?
16
Let r(w) = -w**3 - 43*w**2 - 196*w - 214. Calculate r(-38).
14
Let s(y) = y**3 + 21*y**2 - 70*y + 73. Determine s(-24).
25
Let u(a) = 8*a**2 + 153*a - 286. Determine u(-21).
29
Let k(u) = -32*u + 394. Calculate k(12).
10
Let d(n) = -n**3 - 20*n**2 + 8*n - 100. What is d(-21)?
173
Let r(l) = -215*l - 1676. Calculate r(-8).
44
Let w(j) = 3*j**3 + 11*j**2 - 43*j - 124. What is w(-2)?
-18
Let h(z) = -3*z + 17. Calculate h(1).
14
Let r(i) = 7*i**3 + 141*i**2 + 22*i - 58. What is r(-20)?
-98
Let y(o) = 18*o + 24. Give y(-8).
-120
Let p(x) = -x**3 + 8*x**2 - 1712*x + 11935. Calculate p(7).
0
Let d(b) = -4*b**3 + 11*b**2 - 3*b - 8. Determine d(1).
-4
Let j(c) = -567*c + 22666. Determine j(40).
-14
Let k(w) = -2*w**2 + 153*w + 937. Calculate k(82).
35
Let q(i) = 15*i**2 + 2331*i - 1413. Determine q(-156).
-9
Let y(h) = -h**2 - 79*h - 665. What is y(-72)?
-161
Let g(h) = 5*h**2 - 608*h - 274. Calculate g(122).
-30
Let u(x) = -71*x + 797. Determine u(10).
87
Let i(q) = -3*q**2 - 17*q + 40. Determine i(2).
-6
Let l(k) = 37*k + 92. Determine l(0).
92
Let m(l) = 3*l**2 - 96*l + 125. Determine m(31).
32
Let y(i) = i**3 - 28*i**2 + 27*i - 89. Determine 